e n(o).
-2
Suppose 2*x - b - 668 = 0, -34 = -3*b - 22. Let o = -332 + x. Let n(t) = t - 1. Let q(h) = -3*h + 6. Let p(r) = -2*n(r) - q(r). Determine p(o).
0
Suppose -2438 = -116*u + 2094 - 4068. Let d(l) be the third derivative of -l**4/8 + l**3/3 - l**2. Determine d(u).
-10
Suppose 6*x - 11*x + 3*p = 28, 0 = -x - 2*p - 16. Let q(c) = -19*c - 151. Give q(x).
1
Let j be (1/(-2))/((-2)/12). Suppose r + j = -4*l - 6, l + 9 = -r. Let h(o) = 16*o**2 - 15*o**2 + 82*o - 73*o + 1. What is h(r)?
1
Let r(x) be the third derivative of x**4/24 + 11*x**3/6 + 67*x**2 - 1. Let w be 1/((-33)/44*(-2)/(-15)). Determine r(w).
1
Let s(n) be the second derivative of -n**3 - 37*n**2/2 + 7*n. Let f be s(-6). Let r(h) = 2*h. Determine r(f).
-2
Let l(i) be the third derivative of -1/6*i**3 - 1/20*i**5 + 0*i - 1/12*i**4 + 0 - 6*i**2. Let o be (1 - 11) + 1062/118. Calculate l(o).
-2
Let v(z) be the second derivative of -1/3*z**3 + 0 - 1/60*z**5 - 1/24*z**4 + 39/2*z**2 - 32*z. Let c(d) be the first derivative of v(d). What is c(0)?
-2
Let y = 48 + -46. Suppose 20 + 20 = -y*a. Let h be (8/a - 51/(-15)) + -1. Let r(m) = -2*m**3 + m**2 - m - 2. Give r(h).
-16
Let w(l) be the second derivative of 0 + 79*l - 1/12*l**4 + 2*l**2 + 1/3*l**3. Let r = 7 + -4. Determine w(r).
1
Let i(l) be the second derivative of l**6/720 - l**5/120 - 105*l**4/4 + 156*l. Let v(h) be the third derivative of i(h). Determine v(-4).
-5
Let z(l) = -12*l - 1. Suppose 0 = -5*o - 4*h - 4 - 1, -4*o - 2*h + 2 = 0. Determine z(o).
-37
Let o(y) = 2*y**3 + 2 - y + 3*y**2 - y - y**3. Let u(c) = c**3 - 5*c**2 + 4*c + 10. Let t be u(3). Suppose -2*g = 2*z - 2, -4*g + 0*z = 2*z + t. Calculate o(g).
8
Let z(l) = 278*l**2 - 7*l**3 + 2*l + 6*l**3 - 548*l**2 + 279*l**2. Calculate z(9).
18
Suppose -f + 0 = 7. Let x(d) = -3*d**2 - 12*d + 9. Let t(c) = c**2 + 3*c - 4. Let i(b) = 5*t(b) + 2*x(b). Give i(f).
12
Let v be (-6)/((27/12)/(-3)). Suppose -10*k = -6*k - v. Let m(f) = -39*f + 17*f - 1 + 20*f + 2 + 9*f**k. Determine m(1).
8
Let d(j) be the third derivative of -j**6/360 + j**5/24 + j**4/6 - 65*j**3/3 + 9*j**2 - 2. Let s(x) be the first derivative of d(x). Determine s(5).
4
Suppose -51*f - 226 = 80. Let g(o) = o**2 + 7*o + 15. Give g(f).
9
Let n = -9 + 9. Suppose 0*m + 2*m = -4*s + 4, s = n. Let j(a) be the third derivative of a**4/24 - 2*a**3/3 - 70*a**2 + 1. What is j(m)?
-2
Let y(c) = 4*c - 5. Let j(n) = -22*n + 201. Let t be j(9). Suppose t = g + 2*w, -2*g + 3 = -w + 22. Determine y(g).
-33
Let u(b) = -b**2 + 4*b. Suppose -8*h - 91 = -21*h. Suppose h*l - 23 = 19. Calculate u(l).
-12
Let h(n) = -7*n**2 + 4*n + 3. Let f(l) = l**2 + 24*l + 72. Let v be f(-21). Suppose 0 = v*k - 6*k + 6. What is h(k)?
-33
Let k(q) = 3552 + 3534 + 3*q**2 - 16*q - 7106. What is k(7)?
15
Let b(o) = 54*o + 24*o - 40*o + 20 - 41*o. Give b(12).
-16
Let p(q) = 2*q**3 - q**2 - q - 1. Let j(r) = 25*r**3 - 21*r**2 - 27*r. Let w(u) = j(u) - 12*p(u). What is w(10)?
-38
Let a(b) = -b**3 - 6*b**2 + 2*b + 1. Suppose -2*i - 3*i + 90 = 0. Let q be (-2)/6 - (-546)/i. Suppose -3*m = -8*m - q. Calculate a(m).
-11
Suppose 4*d = q + 147, -5*q = -4*d + 50 + 93. Suppose 5*j - 35 + 5 = 0. Suppose 39*f - j = d*f. Let n(w) = w**3 - 3*w**2 + w + 2. Calculate n(f).
5
Suppose -3*v + 5*d + 7 = 0, 5*d + 42 = -3*v + 59. Let x(j) = -5*j + 15. Let u(h) = 2*h - 7. Let y(a) = -9*u(a) - 4*x(a). Give y(v).
11
Let z(h) be the third derivative of -1/30*h**5 - 31*h**2 - 1/3*h**3 - 1/8*h**4 + 0 + 0*h. Give z(-2).
-4
Suppose 15 - 73 = 22*w + 30. Let u(y) = y**3 + 3*y**2 - 2*y - 8. Determine u(w).
-16
Let b(o) = 2*o**2 - o - 2. Let x(c) = 3*c - 9. Let g be x(5). Suppose g + 1 = v. Let f be (2/v)/(3/21). Give b(f).
4
Let s(y) be the second derivative of -1/20*y**5 - 10*y + 1/12*y**4 + 0*y**3 - 9/2*y**2 - 3. Determine s(0).
-9
Let l(j) = -j**3 + 2*j**2 + 5*j - 2. Suppose s = -t + 24, 0 = 2*s + t - 6*t - 55. Suppose 9*n - 4*n = -z + s, -n + 2*z - 6 = 0. Determine l(n).
-14
Let n be ((-15)/(-6) + -2)*10. Let x(l) = -13*l + 20*l - 14 + 670*l**3 + 14 - 7*l**2 - 669*l**3. Give x(n).
-15
Let c(x) = -7*x**3 - x**2 + x - 13. Let h(f) = 14*f**3 - 3 + 1 - f**2 - 5 - 18*f**3. Let l(n) = -3*c(n) + 5*h(n). What is l(3)?
4
Let y(x) be the third derivative of -x**6/40 + x**4/8 - 5*x**3/6 - 563*x**2 + 2. What is y(2)?
-23
Let t(d) = 5*d**3 + d**2 + d + 1. Let r(p) = -6*p - 67. Suppose -12*w = 34 + 98. Let c be r(w). Calculate t(c).
-4
Let k(g) = 45*g + 117. Let t(f) = 19*f + 59. Let b(y) = -4*k(y) + 9*t(y). Give b(8).
-9
Let o(u) = 3*u**3 - 3*u**2 + 4*u - 3. Let y = 113 - 73. Suppose -4*c + 8 = y. Let m be (2 - c/(-5))*(0 + 5). What is o(m)?
17
Let i(p) = -7*p - 682. Let v be i(-97). Let d = 0 - -3. Let l(u) = 0 - 3 - 4*u + 0 + d*u. Calculate l(v).
0
Suppose -46*s + 22 = -6*n - 44*s, 5*n - 47 = -3*s. Let g(k) be the third derivative of k**4/4 + k**3/6 + 2*k**2. What is g(n)?
7
Let z(c) = c**2 + 4*c + 3. Suppose 65 = -3*l - 34. Let a be (-270)/l + (-6)/33. Let s = 5 - a. What is z(s)?
0
Let g(o) = 1420*o - 2845*o + 1418*o + 94. Determine g(13).
3
Let j(t) be the first derivative of t**2/2 + 16*t - 4397. Give j(-3).
13
Let o(n) = n**3 + 4*n**2 - 2*n - 12. Let h = 14858 + -14862. Give o(h).
-4
Let k be (9 - (-532)/(-57))*5/(-1). Let f(y) be the third derivative of -1/10*y**5 + 0*y - 25*y**2 + 1/4*y**4 - 1/120*y**6 + 0 + k*y**3. Give f(-7).
17
Let c(z) be the second derivative of -z**5/10 + 3*z**4/4 + z**3/6 - 23*z**2/2 + z + 12. Calculate c(4).
-3
Let l(w) be the third derivative of w**6/120 + w**5/12 - 5*w**4/6 + w**3/6 - w**2 + 8*w - 20. Calculate l(-7).
43
Let i(s) = 6*s**2 - 2. Let t be i(1). Let d(q) = q**2 - 60*q + 31*q - t + 8*q. Calculate d(21).
-4
Let p be (0 - -3) + -1 + 0. Let i(o) = 14*o - 2 + 20*o + 1 - 37*o. What is i(p)?
-7
Let d(x) = -5*x + 3. Let s(f) = 3*f**3 - 3*f**2 - 27*f - 24. Let u be s(-1). Give d(u).
18
Let o(b) = 3*b**3 + 2*b + 1. Let a(v) = -22*v**3 - 7*v**2 - 19*v - 38. Let p(t) = a(t) + 7*o(t). Give p(-7).
4
Let z(s) = -s - 4. Let h(k) = -k**2 - 20*k - 31. Let b be h(-18). Suppose 9*r - 14*r = 0, 0 = -2*o - b*r + 10. Determine z(o).
-9
Let s(i) = -i**3 - 18*i**2 - 3*i - 46. Let c be s(-18). Let v(p) = -7 + 13*p**2 - 2*p**2 - 9*p - c*p**3 - 5*p**2 + 9*p**3. Give v(-7).
7
Let i(p) be the second derivative of p**5/20 - 17*p**4/12 + 17*p**3/6 - 11*p**2/2 - 16*p + 4. Give i(16).
5
Let s(d) be the third derivative of 0 - 1/2*d**3 - 1/24*d**4 - 41*d**2 + 0*d. Calculate s(8).
-11
Suppose -37 = -10*b + 213. Suppose 3*k = 3*q - 15, 28*q - b = 26*q - 3*k. Let o(z) = z**3 - 8*z**2 - 2*z + 19. What is o(q)?
3
Let n(a) = 14*a + 15. Let j(q) = 21*q + 27. Let x(d) = -5*j(d) + 8*n(d). Give x(-5).
-50
Let h(q) = -3*q - 152. Let d be h(-56). Let c(l) = -l + 19*l**2 - d*l**2 + 70*l**3 - 71*l**3 + 4 - 1. Let b(x) = -x**2 + 5*x - 3. Let r be b(3). Calculate c(r).
0
Let s(c) = -7*c**3 - 6*c**2 + c + 8. Let n(z) = -9*z**3 - 8*z**2 + z + 9. Let p(l) = -4*n(l) + 5*s(l). Calculate p(-2).
2
Let t(b) = -15*b + 11. Let f be (-3)/((-44)/48 - (-20)/12). What is t(f)?
71
Let m(f) = -3*f**3 - 3*f**2 + f + 2. Let j(u) = -4*u**3 - 3*u**2 - 8*u - 7. Let o be j(-7). Let n be (-4)/(-30) - (-10 - o/(-105)). Give m(n).
12
Suppose -u - 4*k = -2*u + 23, 4*k + 19 = 5*u. Let t(n) = -10*n - 12. What is t(u)?
-2
Let w(i) = -i**2 + 11*i - 26. Let u be (-18)/(-6)*12/9. Let b be w(u). Let f(j) = -2*j**3 + 4*j**2 - 3*j + 2. Calculate f(b).
-4
Let l(j) = 24*j**3 - 26*j**2 + 5*j + 15. Let m(g) = 5*g**3 - 2*g**2 + g + 2. Let q(i) = l(i) - 5*m(i). Suppose v + 2*v = -48. What is q(v)?
5
Let n(s) = s**2 - 7*s + 4. Let k = 11 - 4. Let g be n(k). Let t(d) = -d**3 - 2*d**3 - 3*d**2 + 33*d + 4*d**3 - 34*d. Calculate t(g).
12
Let g(k) be the second derivative of k**6/720 + k**5/40 - 3*k**4/2 + 3*k + 1. Let y(n) be the third derivative of g(n). Determine y(-5).
-2
Let t = 3071 - 3070. Let v(l) = -34*l + 4. Determine v(t).
-30
Let s = 15 + -11. Let j(c) = 13*c - 3*c + c**3 + 6*c**2 + 5 - 6*c - s. Suppose 40 = -19*y - 36. Calculate j(y).
17
Let a(u) = 2*u**3 - 14*u**2 + 5*u + 10. Suppose -216*f - 492 = -298*f. Calculate a(f).
-32
Let v(s) = 10*s + 1. Suppose -3*h + 2*f = -177, h = 2*h + f - 59. Suppose h*a + 3 = 60*a. What is v(a)?
31
Let q(l) = 30*l - 1. Let v(i) = 29*i - 1. Let c(s) = 6*q(s) - 5*v(s). Let d(g) = -g**2 - 5*g - 